{"id":73,"date":"2022-08-29T09:42:48","date_gmt":"2022-08-29T09:42:48","guid":{"rendered":"https:\/\/juliustamosiunas.lt\/?page_id=73"},"modified":"2022-10-17T08:33:48","modified_gmt":"2022-10-17T08:33:48","slug":"eilerasciai","status":"publish","type":"page","link":"https:\/\/juliustamosiunas.lt\/?page_id=73","title":{"rendered":"Eil\u0117ra\u0161\u010diai"},"content":{"rendered":"\n<div class=\"wp-block-columns is-layout-flex wp-container-core-columns-is-layout-9d6595d7 wp-block-columns-is-layout-flex\">\n<div class=\"wp-block-column is-layout-flow wp-block-column-is-layout-flow\">\n<p>&nbsp;&nbsp;<strong><em>Motinai<\/em><\/strong><\/p>\n\n\n\n<p>&nbsp;&nbsp; Su\u0161ukt \u012f Tave noriu,<br>&nbsp;&nbsp;&nbsp;&nbsp;&nbsp;&nbsp;&nbsp; Brangioji mano motina.<br>Paveikslas karsto.<br>&nbsp;&nbsp;&nbsp;&nbsp;&nbsp;&nbsp;&nbsp;&nbsp;&nbsp;&nbsp;&nbsp; Kaip \u0161ird\u012f drasko, sopina.<\/p>\n\n\n\n<p>&nbsp;&nbsp;&nbsp;Sudu\u017eo viltys, tikslas<br>&nbsp;&nbsp;&nbsp;&nbsp;&nbsp;&nbsp;&nbsp;&nbsp;&nbsp;&nbsp;&nbsp; Koks tu \u017eiaurus gyvenime!<br>&nbsp;&nbsp;&nbsp;&nbsp; Nemiela, ni\u016bru viskas,<br>&nbsp;&nbsp;&nbsp;&nbsp;&nbsp;&nbsp; Mane kankina nerimas.<\/p>\n\n\n\n<p>&nbsp;&nbsp;&nbsp;&nbsp;&nbsp;&nbsp;&nbsp;&nbsp;&nbsp;&nbsp;&nbsp;&nbsp;&nbsp;&nbsp;&nbsp; Buvai man turtas, d\u017eiaugsmas,<br>&nbsp;&nbsp;&nbsp;&nbsp;&nbsp;&nbsp;&nbsp; \u0160viesios vilties pavasaris.<br>&nbsp;&nbsp;&nbsp; \u0160irdyje liko skausmas,<br>&nbsp;&nbsp;&nbsp;&nbsp;&nbsp;&nbsp;&nbsp;&nbsp; O tau &#8211; per am\u017eius atilsis.&nbsp;<\/p>\n<\/div>\n\n\n\n<div class=\"wp-block-column is-layout-flow wp-block-column-is-layout-flow\">\n<p><em><strong>De\u0161imtas pavasaris<\/strong><\/em><\/p>\n\n\n\n<p>Pavasaris gr\u012f\u017eta per tundr\u0105,<br>Jau saulut\u0117 pakyla auk\u0161\u010diau,<br>Kod\u0117l \u0161irdyje vis dar li\u016bdna,<br>Ar taip li\u016bdna pasauly visur?<\/p>\n\n\n\n<p>Tik\u0117jau &#8211; tikrai maniau paskutinis,<br>Pavasaris kuris pra\u0117jo.<br>Ra\u0161iau ilg\u0105 lai\u0161k\u0105 mamytei:<br>-Sugr\u012f\u0161iu \u0161iais metais Kal\u0117dom.<\/p>\n\n\n\n<p>Ir \u0161tai! De\u0161imtas pavasaris<br>Per tundr\u0105, per \u0161achtas ateina,<br>I\u0161vargusios su\u017evilga akys,<br>Prab\u0117go jaunyst\u0117 &#8211; kaip gaila.&nbsp;<\/p>\n\n\n\n<p>Vilties de\u0161imt met\u0173! Be proto,&nbsp;<br>Koks tolimas tolimas kelias,<br>Sugr\u012f\u017et \u012f t\u0117vyn\u0119 kaip noriu.<\/p>\n\n\n\n<p>1954 V 15<\/p>\n<\/div>\n\n\n\n<div class=\"wp-block-column is-layout-flow wp-block-column-is-layout-flow\">\n<p><strong><em>Man sapnuojas<\/em><\/strong><\/p>\n\n\n\n<p>Tik u\u017emerkus akis valand\u0117lei,<br>Ant kiet\u0173, auk\u0161t\u0173 nar\u0173 medini\u0173,<br>Man sapnuojas t\u0117v\u0173 baku\u017e\u0117l\u0117,<br>Palikta ji u\u017e t\u016bkstan\u010di\u0173 myli\u0173.<\/p>\n\n\n\n<p>Man sapnuojas balti ber\u017eeliai,<br>Gra\u017eios \u017eydin\u010dios \u017ealios palauk\u0117s,<br>Ramios parug\u0117s lyg\u016bs takeliai,<br>I\u0161mind\u017eiota jaunos geltonplauk\u0117s.<\/p>\n\n\n\n<p>Lyg sustoju prie kry\u017ekel\u0117s kelio,<br>Ap\u017evelgiu gimto kra\u0161to sodybas,<br>Suklupstu prie medinio smutkelio,<br>Nulenkdamas galv\u0105, pra\u017eil\u0119s.<\/p>\n\n\n\n<p>Gird\u017eiu bals\u0105 malon\u0173 mamyt\u0117s,<br>Ranka moja palauk\u0117j i\u0161 tolo,<br>Nebijok, vaikeliuk, eik \u012f gry\u010di\u0105,<br>Pavai\u0161insiu medum \u0161vie\u017eio korio.<\/p>\n\n\n\n<p>Lyg prib\u0117gu, verkiu, j\u0105 bu\u010diuoju,<br>Rankas, veid\u0105 lies\u0105 apgl\u0117b\u0119s,<br>Lyg kry\u017eel\u012f i\u0161 duonos paduodu,<br>I\u0161 davinio savo pa\u0117m\u0119s.<\/p>\n\n\n\n<p>Kalbu ir kalbu, nesustoju,<br>Smurt\u0105, varg\u0105, bad\u0105 primin\u0119s,<br>Mamyt, patik\u0117k kaip a\u0161 noriu,<br>\u010cia gyventi ir mirt d\u0117l t\u0117vyn\u0117s.<\/p>\n\n\n\n<p>Atmerkiu akis &#8211; v\u0117l barakas,<br>Vargo \u017emon\u0117s i\u0161bly\u0161k\u0119 tie patys,<br>\u0160iurpulys k\u016bn\u0105 nukre\u010dia \u0161altas,<br>Tai buvo ne vizija &#8211; sapnas.<\/p>\n\n\n\n<p>1952 XII 24<br>Vorkuta<\/p>\n<\/div>\n<\/div>\n","protected":false},"excerpt":{"rendered":"<p>&nbsp;&nbsp;Motinai &nbsp;&nbsp; Su\u0161ukt \u012f Tave noriu,&nbsp;&nbsp;&nbsp;&nbsp;&nbsp;&nbsp;&nbsp; Brangioji mano motina.Paveikslas karsto.&nbsp;&nbsp;&nbsp;&nbsp;&nbsp;&nbsp;&nbsp;&nbsp;&nbsp;&nbsp;&nbsp; Kaip \u0161ird\u012f drasko, sopina. &nbsp;&nbsp;&nbsp;Sudu\u017eo viltys, tikslas&nbsp;&nbsp;&nbsp;&nbsp;&nbsp;&nbsp;&nbsp;&nbsp;&nbsp;&nbsp;&nbsp; Koks tu \u017eiaurus gyvenime!&nbsp;&nbsp;&nbsp;&nbsp; Nemiela, ni\u016bru viskas,&nbsp;&nbsp;&nbsp;&nbsp;&nbsp;&nbsp; Mane kankina nerimas. &nbsp;&nbsp;&nbsp;&nbsp;&nbsp;&nbsp;&nbsp;&nbsp;&nbsp;&nbsp;&nbsp;&nbsp;&nbsp;&nbsp;&nbsp; Buvai man turtas, d\u017eiaugsmas,&nbsp;&nbsp;&nbsp;&nbsp;&nbsp;&nbsp;&nbsp; \u0160viesios vilties pavasaris.&nbsp;&nbsp;&nbsp; \u0160irdyje liko skausmas,&nbsp;&nbsp;&nbsp;&nbsp;&nbsp;&nbsp;&nbsp;&nbsp; O tau &#8211; per am\u017eius atilsis.&nbsp; De\u0161imtas pavasaris Pavasaris gr\u012f\u017eta per tundr\u0105,Jau saulut\u0117 pakyla auk\u0161\u010diau,Kod\u0117l \u0161irdyje vis&hellip;&nbsp;<a href=\"https:\/\/juliustamosiunas.lt\/?page_id=73\" class=\"\" rel=\"bookmark\">Read More &raquo;<span class=\"screen-reader-text\">Eil\u0117ra\u0161\u010diai<\/span><\/a><\/p>\n","protected":false},"author":1,"featured_media":0,"parent":0,"menu_order":0,"comment_status":"closed","ping_status":"closed","template":"","meta":{"neve_meta_sidebar":"","neve_meta_container":"","neve_meta_enable_content_width":"","neve_meta_content_width":0,"neve_meta_title_alignment":"","neve_meta_author_avatar":"","neve_post_elements_order":"","neve_meta_disable_header":"","neve_meta_disable_footer":"","neve_meta_disable_title":"","two_page_speed":[],"footnotes":""},"class_list":["post-73","page","type-page","status-publish","hentry"],"_links":{"self":[{"href":"https:\/\/juliustamosiunas.lt\/index.php?rest_route=\/wp\/v2\/pages\/73","targetHints":{"allow":["GET"]}}],"collection":[{"href":"https:\/\/juliustamosiunas.lt\/index.php?rest_route=\/wp\/v2\/pages"}],"about":[{"href":"https:\/\/juliustamosiunas.lt\/index.php?rest_route=\/wp\/v2\/types\/page"}],"author":[{"embeddable":true,"href":"https:\/\/juliustamosiunas.lt\/index.php?rest_route=\/wp\/v2\/users\/1"}],"replies":[{"embeddable":true,"href":"https:\/\/juliustamosiunas.lt\/index.php?rest_route=%2Fwp%2Fv2%2Fcomments&post=73"}],"version-history":[{"count":2,"href":"https:\/\/juliustamosiunas.lt\/index.php?rest_route=\/wp\/v2\/pages\/73\/revisions"}],"predecessor-version":[{"id":531,"href":"https:\/\/juliustamosiunas.lt\/index.php?rest_route=\/wp\/v2\/pages\/73\/revisions\/531"}],"wp:attachment":[{"href":"https:\/\/juliustamosiunas.lt\/index.php?rest_route=%2Fwp%2Fv2%2Fmedia&parent=73"}],"curies":[{"name":"wp","href":"https:\/\/api.w.org\/{rel}","templated":true}]}}

Eilėraščiai

<div class="wp-block-columns is-layout-flex wp-container-core-columns-is-layout-9d6595d7 wp-block-columns-is-layout-flex">
<div class="wp-block-column is-layout-flow wp-block-column-is-layout-flow">
<p>&nbsp;&nbsp;<strong><em>Motinai</em></strong></p>



<p>&nbsp;&nbsp; Sušukt į Tave noriu,<br>&nbsp;&nbsp;&nbsp;&nbsp;&nbsp;&nbsp;&nbsp; Brangioji mano motina.<br>Paveikslas karsto.<br>&nbsp;&nbsp;&nbsp;&nbsp;&nbsp;&nbsp;&nbsp;&nbsp;&nbsp;&nbsp;&nbsp; Kaip širdį drasko, sopina.</p>



<p>&nbsp;&nbsp;&nbsp;Sudužo viltys, tikslas<br>&nbsp;&nbsp;&nbsp;&nbsp;&nbsp;&nbsp;&nbsp;&nbsp;&nbsp;&nbsp;&nbsp; Koks tu žiaurus gyvenime!<br>&nbsp;&nbsp;&nbsp;&nbsp; Nemiela, niūru viskas,<br>&nbsp;&nbsp;&nbsp;&nbsp;&nbsp;&nbsp; Mane kankina nerimas.</p>



<p>&nbsp;&nbsp;&nbsp;&nbsp;&nbsp;&nbsp;&nbsp;&nbsp;&nbsp;&nbsp;&nbsp;&nbsp;&nbsp;&nbsp;&nbsp; Buvai man turtas, džiaugsmas,<br>&nbsp;&nbsp;&nbsp;&nbsp;&nbsp;&nbsp;&nbsp; Šviesios vilties pavasaris.<br>&nbsp;&nbsp;&nbsp; Širdyje liko skausmas,<br>&nbsp;&nbsp;&nbsp;&nbsp;&nbsp;&nbsp;&nbsp;&nbsp; O tau &#8211; per amžius atilsis.&nbsp;</p>
</div>



<div class="wp-block-column is-layout-flow wp-block-column-is-layout-flow">
<p><em><strong>Dešimtas pavasaris</strong></em></p>



<p>Pavasaris grįžta per tundrą,<br>Jau saulutė pakyla aukščiau,<br>Kodėl širdyje vis dar liūdna,<br>Ar taip liūdna pasauly visur?</p>



<p>Tikėjau &#8211; tikrai maniau paskutinis,<br>Pavasaris kuris praėjo.<br>Rašiau ilgą laišką mamytei:<br>-Sugrįšiu šiais metais Kalėdom.</p>



<p>Ir štai! Dešimtas pavasaris<br>Per tundrą, per šachtas ateina,<br>Išvargusios sužvilga akys,<br>Prabėgo jaunystė &#8211; kaip gaila.&nbsp;</p>



<p>Vilties dešimt metų! Be proto,&nbsp;<br>Koks tolimas tolimas kelias,<br>Sugrįžt į tėvynę kaip noriu.</p>



<p>1954 V 15</p>
</div>



<div class="wp-block-column is-layout-flow wp-block-column-is-layout-flow">
<p><strong><em>Man sapnuojas</em></strong></p>



<p>Tik užmerkus akis valandėlei,<br>Ant kietų, aukštų narų medinių,<br>Man sapnuojas tėvų bakužėlė,<br>Palikta ji už tūkstančių mylių.</p>



<p>Man sapnuojas balti berželiai,<br>Gražios žydinčios žalios palaukės,<br>Ramios parugės lygūs takeliai,<br>Išmindžiota jaunos geltonplaukės.</p>



<p>Lyg sustoju prie kryžkelės kelio,<br>Apžvelgiu gimto krašto sodybas,<br>Suklupstu prie medinio smutkelio,<br>Nulenkdamas galvą, pražilęs.</p>



<p>Girdžiu balsą malonų mamytės,<br>Ranka moja palaukėj iš tolo,<br>Nebijok, vaikeliuk, eik į gryčią,<br>Pavaišinsiu medum šviežio korio.</p>



<p>Lyg pribėgu, verkiu, ją bučiuoju,<br>Rankas, veidą liesą apglėbęs,<br>Lyg kryželį iš duonos paduodu,<br>Iš davinio savo paėmęs.</p>



<p>Kalbu ir kalbu, nesustoju,<br>Smurtą, vargą, badą priminęs,<br>Mamyt, patikėk kaip aš noriu,<br>Čia gyventi ir mirt dėl tėvynės.</p>



<p>Atmerkiu akis &#8211; vėl barakas,<br>Vargo žmonės išblyškę tie patys,<br>Šiurpulys kūną nukrečia šaltas,<br>Tai buvo ne vizija &#8211; sapnas.</p>



<p>1952 XII 24<br>Vorkuta</p>
</div>
</div>

<p>&nbsp;&nbsp;Motinai &nbsp;&nbsp; Sušukt į Tave noriu,&nbsp;&nbsp;&nbsp;&nbsp;&nbsp;&nbsp;&nbsp; Brangioji mano motina.Paveikslas karsto.&nbsp;&nbsp;&nbsp;&nbsp;&nbsp;&nbsp;&nbsp;&nbsp;&nbsp;&nbsp;&nbsp; Kaip širdį drasko, sopina. &nbsp;&nbsp;&nbsp;Sudužo viltys, tikslas&nbsp;&nbsp;&nbsp;&nbsp;&nbsp;&nbsp;&nbsp;&nbsp;&nbsp;&nbsp;&nbsp; Koks tu žiaurus gyvenime!&nbsp;&nbsp;&nbsp;&nbsp; Nemiela, niūru viskas,&nbsp;&nbsp;&nbsp;&nbsp;&nbsp;&nbsp; Mane kankina nerimas. &nbsp;&nbsp;&nbsp;&nbsp;&nbsp;&nbsp;&nbsp;&nbsp;&nbsp;&nbsp;&nbsp;&nbsp;&nbsp;&nbsp;&nbsp; Buvai man turtas, džiaugsmas,&nbsp;&nbsp;&nbsp;&nbsp;&nbsp;&nbsp;&nbsp; Šviesios vilties pavasaris.&nbsp;&nbsp;&nbsp; Širdyje liko skausmas,&nbsp;&nbsp;&nbsp;&nbsp;&nbsp;&nbsp;&nbsp;&nbsp; O tau &#8211; per amžius atilsis.&nbsp; Dešimtas pavasaris Pavasaris grįžta per tundrą,Jau saulutė pakyla aukščiau,Kodėl širdyje vis&hellip;&nbsp;<a href="https://juliustamosiunas.lt/?page_id=73" class="" rel="bookmark">Read More &raquo;<span class="screen-reader-text">Eilėraščiai</span></a></p>
